tors of 5140736.
2, 43, 467
What are the prime factors of 839586?
2, 3, 11, 12721
What are the prime factors of 4506386?
2, 2253193
What are the prime factors of 1990613?
61, 32633
What are the prime factors of 252830?
2, 5, 131, 193
List the prime factors of 573863.
573863
What are the prime factors of 1846709?
751, 2459
List the prime factors of 7662682.
2, 17, 225373
What are the prime factors of 390986?
2, 195493
List the prime factors of 3537288.
2, 3, 73, 673
What are the prime factors of 10393753?
10393753
List the prime factors of 27543920.
2, 5, 19, 18121
What are the prime factors of 793762?
2, 396881
List the prime factors of 56722.
2, 79, 359
What are the prime factors of 8579617?
73, 117529
What are the prime factors of 6575382?
2, 3, 11, 3019
List the prime factors of 238275.
3, 5, 353
List the prime factors of 11967431.
7, 1709633
What are the prime factors of 785473?
13, 23, 37, 71
List the prime factors of 187307.
97, 1931
List the prime factors of 3092565.
3, 5, 7, 29453
What are the prime factors of 3123103?
47, 66449
What are the prime factors of 16720664?
2, 229, 9127
List the prime factors of 673967.
7, 96281
What are the prime factors of 402894?
2, 3, 829
List the prime factors of 18905.
5, 19, 199
What are the prime factors of 7258428?
2, 3, 201623
What are the prime factors of 14069400?
2, 3, 5, 131, 179
List the prime factors of 1511367.
3, 11, 13, 271
What are the prime factors of 1096354?
2, 7, 78311
List the prime factors of 24048510.
2, 3, 5, 801617
What are the prime factors of 18763845?
3, 5, 1250923
What are the prime factors of 2077929?
3, 7, 32983
List the prime factors of 53791.
53791
What are the prime factors of 75267?
3, 8363
List the prime factors of 609812.
2, 7, 29, 751
What are the prime factors of 8312323?
599, 13877
List the prime factors of 2951744.
2, 17, 2713
What are the prime factors of 13334488?
2, 1666811
What are the prime factors of 10569025?
5, 422761
List the prime factors of 1315605.
3, 5, 229, 383
What are the prime factors of 6763203?
3, 250489
What are the prime factors of 1256734?
2, 401, 1567
What are the prime factors of 494627?
7, 19, 3719
What are the prime factors of 1774949?
11, 14669
What are the prime factors of 1103541?
3, 73, 5039
List the prime factors of 1630412.
2, 7, 58229
What are the prime factors of 78704?
2, 4919
List the prime factors of 360699.
3, 120233
What are the prime factors of 1468699?
521, 2819
What are the prime factors of 117278?
2, 7, 8377
List the prime factors of 5226072.
2, 3, 17, 12809
List the prime factors of 569992.
2, 71249
What are the prime factors of 38287?
38287
List the prime factors of 232613.
457, 509
List the prime factors of 355985.
5, 7, 1453
List the prime factors of 15467395.
5, 3093479
What are the prime factors of 74046?
2, 3, 7, 41, 43
What are the prime factors of 1299032?
2, 7, 23197
List the prime factors of 3623726.
2, 97, 18679
What are the prime factors of 222207?
3, 17, 4357
What are the prime factors of 1314618?
2, 3, 219103
What are the prime factors of 7118360?
2, 5, 251, 709
What are the prime factors of 442938?
2, 3, 73823
List the prime factors of 2164316.
2, 7, 11, 7027
What are the prime factors of 6002005?
5, 19, 63179
List the prime factors of 6557765.
5, 1311553
List the prime factors of 2053085.
5, 410617
What are the prime factors of 25936085?
5, 7, 741031
What are the prime factors of 1305983?
7, 186569
List the prime factors of 301709.
73, 4133
What are the prime factors of 179547?
3, 97, 617
What are the prime factors of 2148882?
2, 3, 43, 8329
What are the prime factors of 15267275?
5, 17, 35923
What are the prime factors of 126027?
3, 11, 19, 67
What are the prime factors of 5567731?
13, 359, 1193
List the prime factors of 375182.
2, 149, 1259
What are the prime factors of 3701539?
3701539
What are the prime factors of 7897567?
1459, 5413
List the prime factors of 895313.
895313
List the prime factors of 16763604.
2, 3, 11, 13, 9769
What are the prime factors of 40937709?
3, 1867, 7309
What are the prime factors of 347805?
3, 5, 59, 131
List the prime factors of 1631185.
5, 41, 73, 109
List the prime factors of 2029469.
13, 107, 1459
List the prime factors of 731793.
3, 243931
List the prime factors of 109506.
2, 3, 18251
What are the prime factors of 4228048?
2, 11, 24023
List the prime factors of 676192.
2, 11, 17, 113
What are the prime factors of 414078?
2, 3, 7, 9859
List the prime factors of 334005.
3, 5, 7, 3181
List the prime factors of 2638965.
3, 5, 7, 41, 613
List the prime factors of 130131.
3, 19, 761
List the prime factors of 31514289.
3, 431, 24373
List the prime factors of 5704898.
2, 2852449
What are the prime factors of 4621709?
109, 389
What are the prime factors of 292243?
7, 83, 503
List the prime factors of 562582.
2, 281291
What are the prime factors of 835566?
2, 3, 47, 2963
What are the prime factors of 216144?
2, 3, 19, 79
What are the prime factors of 8931729?
3, 19, 71, 2207
What are the prime factors of 285508?
2, 137, 521
List the prime factors of 1469158.
2, 569, 1291
What are the prime factors of 421722?
2, 3, 7, 3347
List the prime factors of 32631211.
17, 67, 28649
What are the prime factors of 107023?
7, 15289
List the prime factors of 17834135.
5, 11, 71, 4567
What are the prime factors of 21428787?
3, 7142929
What are the prime factors of 108323?
149, 727
What are the prime factors of 26475582?
2, 3, 7, 90053
What are the prime factors of 5739370?
2, 5, 7, 13, 17, 53
List the prime factors of 2153028.
2, 3, 59, 3041
List the prime factors of 175634.
2, 137, 641
What are the prime factors of 2759913?
3, 13, 2621
List the prime factors of 288087.
3, 109, 881
List the prime factors of 521021.
521021
What are the prime factors of 2499081?
3, 13, 139, 461
List the prime factors of 4219469.
79, 53411
What are the prime factors of 36133254?
2, 3, 2007403
List the prime factors of 697856.
2, 29, 47
List the prime factors of 13397904.
2, 3, 13, 17, 421
List the prime factors of 10411099.
10411099
What are the prime factors of 287578?
2, 53, 2713
List the prime factors of 1544789.
1544789
What are the prime factors of 944331?
3, 314777
List the prime factors of 3890140.
2, 5, 194507
What are the prime factors of 138680?
2, 5, 3467
List the prime factors of 4634067.
3, 43, 35923
What are the prime factors of 39587?
31, 1277
List the prime factors of 8725161.
3, 19, 153073
List the prime factors of 136963.
136963
List the prime factors of 143106.
2, 3, 17, 23, 61
List the prime factors of 5763303.
3, 7, 13, 31, 227
List the prime factors of 1482008.
2, 11, 1531
List the prime factors of 668332.
2, 7, 23869
What are the prime factors of 168851?
168851
What are the prime factors of 5289604?
2, 97, 13633
What are the prime factors of 286395?
3, 5, 61, 313
List the prime factors of 2798474.
2, 7, 47, 4253
List the prime factors of 3289785.
3, 5, 71, 3089
List the prime factors of 692170.
2, 5, 19, 3643
What are the prime factors of 310432?
2, 89, 109
List the prime factors of 305902.
2, 43, 3557
List the prime factors of 24776272.
2, 1548517
List the prime factors of 655866.
2, 3, 83, 439
List the prime factors of 3654210.
2, 3, 5, 7, 17401
List the prime factors of 1048403.
179, 5857
List the prime factors of 277764.
2, 3, 79, 293
What are the prime factors of 11690909?
19, 59, 10429
What are the prime factors of 1955924?
2, 488981
List the prime factors of 584023.
11, 53093
What are the prime factors of 50604?
2, 3, 4217
List the prime factors of 1312808.
2, 7, 17, 197
What are the prime factors of 403618?
2, 201809
List the prime factors of 519729.
3, 7, 24749
List the prime factors of 186795.
3, 5, 7, 593
List the prime factors of 546217.
7, 78031
What are the prime factors of 245867?
53, 4639
List the prime factors of 2306437.
7, 167, 1973
List the prime factors of 13266.
2, 3, 11, 67
What are the prime factors of 1489640?
2, 5, 167, 223
List the prime factors of 2570869.
7, 281, 1307
What are the prime factors of 6549217?
41, 159737
List the prime factors of 255751.
29, 8819
What are the prime factors of 1575174?
2, 3, 83, 3163
List the prime factors of 295504.
2, 11, 23, 73
What are the prime factors of 393980?
2, 5, 19699
What are the prime factors of 780541?
431, 1811
Lis